{"id":817,"date":"2019-05-03T13:48:44","date_gmt":"2019-05-03T11:48:44","guid":{"rendered":"http:\/\/www.jenninger.se\/?page_id=817"},"modified":"2025-01-31T09:39:10","modified_gmt":"2025-01-31T08:39:10","slug":"minnesstipendium-2019","status":"publish","type":"page","link":"https:\/\/jenninger.se\/?page_id=817","title":{"rendered":"Minnesfonden 2019 Vis\u00e4ttraskolan Huddinge"},"content":{"rendered":"<p>\u00c5rets stipendium g\u00e5r till Vis\u00e4ttraskolan i Huddinge. Skolan har p\u00e5 bara ett par \u00e5r med idogt och m\u00e5linriktat arbete utvecklats till en trygg m\u00f6nsterskola. Se <a href=\"https:\/\/www.huddinge.se\/visattraskolan\">https:\/\/www.huddinge.se\/visattraskolan<\/a> Morgan Alling \u00e4r med n\u00e4r Maya Runhagen, 2018 \u00e5rs stipendiat, l\u00e4mnar stipendiet till Aziz och Alek, elevr\u00e5d vid Vis\u00e4ttraskolan. Lotta Halvardsson Ekdahl, Christian Nordenstr\u00f6m och Claes talar och skolk\u00f6ren sjunger.<br>\n<img loading=\"lazy\" decoding=\"async\" src=\"http:\/\/www.jenninger.se\/wp-content\/uploads\/2019\/05\/Maya-Morgan-Aziz-Alek-300x225.jpg\" alt=\"\" class=\"alignnone size-medium wp-image-803\" width=\"300\" height=\"225\" srcset=\"https:\/\/jenninger.se\/wp-content\/uploads\/2019\/05\/Maya-Morgan-Aziz-Alek-300x225.jpg 300w, https:\/\/jenninger.se\/wp-content\/uploads\/2019\/05\/Maya-Morgan-Aziz-Alek.jpg 720w\" sizes=\"auto, (max-width: 300px) 100vw, 300px\" \/><\/p>\n<p><img loading=\"lazy\" decoding=\"async\" src=\"http:\/\/www.jenninger.se\/wp-content\/uploads\/2019\/05\/Maya-Morgan-300x300.jpg\" alt=\"\" class=\"alignnone size-medium wp-image-804\" width=\"300\" height=\"300\" srcset=\"https:\/\/jenninger.se\/wp-content\/uploads\/2019\/05\/Maya-Morgan-300x300.jpg 300w, https:\/\/jenninger.se\/wp-content\/uploads\/2019\/05\/Maya-Morgan-150x150.jpg 150w, https:\/\/jenninger.se\/wp-content\/uploads\/2019\/05\/Maya-Morgan-768x768.jpg 768w, https:\/\/jenninger.se\/wp-content\/uploads\/2019\/05\/Maya-Morgan-1024x1024.jpg 1024w, https:\/\/jenninger.se\/wp-content\/uploads\/2019\/05\/Maya-Morgan.jpg 1080w\" sizes=\"auto, (max-width: 300px) 100vw, 300px\" \/><\/p>\n<p><img loading=\"lazy\" decoding=\"async\" src=\"http:\/\/www.jenninger.se\/wp-content\/uploads\/2019\/05\/IMG_2167-e1556697678481-225x300.jpg\" alt=\"\" class=\"alignnone size-medium wp-image-801\" width=\"225\" height=\"300\" srcset=\"https:\/\/jenninger.se\/wp-content\/uploads\/2019\/05\/IMG_2167-e1556697678481-225x300.jpg 225w, https:\/\/jenninger.se\/wp-content\/uploads\/2019\/05\/IMG_2167-e1556697678481-768x1024.jpg 768w\" sizes=\"auto, (max-width: 225px) 100vw, 225px\" \/><\/p>\n<p><img loading=\"lazy\" decoding=\"async\" src=\"http:\/\/www.jenninger.se\/wp-content\/uploads\/2019\/05\/IMG_2169-300x225.jpg\" alt=\"\" class=\"alignnone size-medium wp-image-802\" width=\"300\" height=\"225\" srcset=\"https:\/\/jenninger.se\/wp-content\/uploads\/2019\/05\/IMG_2169-300x225.jpg 300w, https:\/\/jenninger.se\/wp-content\/uploads\/2019\/05\/IMG_2169-768x576.jpg 768w, https:\/\/jenninger.se\/wp-content\/uploads\/2019\/05\/IMG_2169-1024x768.jpg 1024w\" sizes=\"auto, (max-width: 300px) 100vw, 300px\" \/><\/p>\n<p><img loading=\"lazy\" decoding=\"async\" src=\"http:\/\/www.jenninger.se\/wp-content\/uploads\/2019\/05\/IMG_2155-300x225.jpg\" alt=\"\" class=\"alignnone size-medium wp-image-800\" width=\"300\" height=\"225\" srcset=\"https:\/\/jenninger.se\/wp-content\/uploads\/2019\/05\/IMG_2155-300x225.jpg 300w, https:\/\/jenninger.se\/wp-content\/uploads\/2019\/05\/IMG_2155-768x576.jpg 768w, https:\/\/jenninger.se\/wp-content\/uploads\/2019\/05\/IMG_2155-1024x768.jpg 1024w\" sizes=\"auto, (max-width: 300px) 100vw, 300px\" \/><br>\n<a href=\"http:\/\/www.jenninger.se\/wp-content\/uploads\/2019\/05\/IMG_2203.mov\">IMG_2203. Den tunga dagen blev en gl\u00e4djens dag med alla barn och l\u00e4rare.<\/a><\/p>\n\n\n<p>Sedan dess har rektorerna tillsammans med skolforskare gett ut tre b\u00f6cker om sitt arbete med Vis\u00e4ttraskolan. De kan l\u00e4sas och k\u00f6pas var f\u00f6r sig. <a href=\"https:\/\/www.bokus.com\/bok\/9789147148530\/elevhalsa-i-praktiken-paket-bok-1-2-3\/\">https:\/\/www.bokus.com\/bok\/9789147148530\/elevhalsa-i-praktiken-paket-bok-1-2-3\/<\/a><\/p>\n\n\n\n<p>H\u00e4r en recension av boken: <a href=\"https:\/\/pedagog.vaxjo.se\/redaktionella-artiklar\/2022-11-21-rika-exempel-pa-elevhalsoarbete?fbclid=IwAR2PQxz7iudtit7-Gw_YtxEMs33pU4rWrz59JcWZbMs95cQRVE8hGBl0Cz0\" target=\"_blank\" rel=\"noreferrer noopener\">https:\/\/pedagog.vaxjo.se\/redaktionella-artiklar\/2022-11-21-rika-exempel-pa-elevhalsoarbete?fbclid=IwAR2PQxz7iudtit7-Gw_YtxEMs33pU4rWrz59JcWZbMs95cQRVE8hGBl0Cz0<\/a><\/p>\n","protected":false},"excerpt":{"rendered":"<p>\u00c5rets stipendium g\u00e5r till Vis\u00e4ttraskolan i Huddinge. Skolan har p\u00e5 bara ett par \u00e5r med idogt och m\u00e5linriktat arbete utvecklats till en trygg m\u00f6nsterskola. Se https:\/\/www.huddinge.se\/visattraskolan Morgan Alling \u00e4r med n\u00e4r Maya Runhagen, 2018 \u00e5rs stipendiat, l\u00e4mnar stipendiet till Aziz och Alek, elevr\u00e5d vid Vis\u00e4ttraskolan. Lotta Halvardsson Ekdahl, Christian Nordenstr\u00f6m och Claes talar och skolk\u00f6ren [&hellip;]<\/p>\n","protected":false},"author":1,"featured_media":0,"parent":0,"menu_order":0,"comment_status":"closed","ping_status":"closed","template":"","meta":{"_themeisle_gutenberg_block_has_review":false,"footnotes":""},"class_list":["post-817","page","type-page","status-publish","hentry"],"_links":{"self":[{"href":"https:\/\/jenninger.se\/index.php?rest_route=\/wp\/v2\/pages\/817","targetHints":{"allow":["GET"]}}],"collection":[{"href":"https:\/\/jenninger.se\/index.php?rest_route=\/wp\/v2\/pages"}],"about":[{"href":"https:\/\/jenninger.se\/index.php?rest_route=\/wp\/v2\/types\/page"}],"author":[{"embeddable":true,"href":"https:\/\/jenninger.se\/index.php?rest_route=\/wp\/v2\/users\/1"}],"replies":[{"embeddable":true,"href":"https:\/\/jenninger.se\/index.php?rest_route=%2Fwp%2Fv2%2Fcomments&post=817"}],"version-history":[{"count":11,"href":"https:\/\/jenninger.se\/index.php?rest_route=\/wp\/v2\/pages\/817\/revisions"}],"predecessor-version":[{"id":2254,"href":"https:\/\/jenninger.se\/index.php?rest_route=\/wp\/v2\/pages\/817\/revisions\/2254"}],"wp:attachment":[{"href":"https:\/\/jenninger.se\/index.php?rest_route=%2Fwp%2Fv2%2Fmedia&parent=817"}],"curies":[{"name":"wp","href":"https:\/\/api.w.org\/{rel}","templated":true}]}}

Minnesfonden 2019 Visättraskolan Huddinge

<p>Årets stipendium går till Visättraskolan i Huddinge. Skolan har på bara ett par år med idogt och målinriktat arbete utvecklats till en trygg mönsterskola. Se <a href="https://www.huddinge.se/visattraskolan">https://www.huddinge.se/visattraskolan</a> Morgan Alling är med när Maya Runhagen, 2018 års stipendiat, lämnar stipendiet till Aziz och Alek, elevråd vid Visättraskolan. Lotta Halvardsson Ekdahl, Christian Nordenström och Claes talar och skolkören sjunger.<br>
<img loading="lazy" decoding="async" src="http://www.jenninger.se/wp-content/uploads/2019/05/Maya-Morgan-Aziz-Alek-300x225.jpg" alt="" class="alignnone size-medium wp-image-803" width="300" height="225" srcset="https://jenninger.se/wp-content/uploads/2019/05/Maya-Morgan-Aziz-Alek-300x225.jpg 300w, https://jenninger.se/wp-content/uploads/2019/05/Maya-Morgan-Aziz-Alek.jpg 720w" sizes="auto, (max-width: 300px) 100vw, 300px" /></p>
<p><img loading="lazy" decoding="async" src="http://www.jenninger.se/wp-content/uploads/2019/05/Maya-Morgan-300x300.jpg" alt="" class="alignnone size-medium wp-image-804" width="300" height="300" srcset="https://jenninger.se/wp-content/uploads/2019/05/Maya-Morgan-300x300.jpg 300w, https://jenninger.se/wp-content/uploads/2019/05/Maya-Morgan-150x150.jpg 150w, https://jenninger.se/wp-content/uploads/2019/05/Maya-Morgan-768x768.jpg 768w, https://jenninger.se/wp-content/uploads/2019/05/Maya-Morgan-1024x1024.jpg 1024w, https://jenninger.se/wp-content/uploads/2019/05/Maya-Morgan.jpg 1080w" sizes="auto, (max-width: 300px) 100vw, 300px" /></p>
<p><img loading="lazy" decoding="async" src="http://www.jenninger.se/wp-content/uploads/2019/05/IMG_2167-e1556697678481-225x300.jpg" alt="" class="alignnone size-medium wp-image-801" width="225" height="300" srcset="https://jenninger.se/wp-content/uploads/2019/05/IMG_2167-e1556697678481-225x300.jpg 225w, https://jenninger.se/wp-content/uploads/2019/05/IMG_2167-e1556697678481-768x1024.jpg 768w" sizes="auto, (max-width: 225px) 100vw, 225px" /></p>
<p><img loading="lazy" decoding="async" src="http://www.jenninger.se/wp-content/uploads/2019/05/IMG_2169-300x225.jpg" alt="" class="alignnone size-medium wp-image-802" width="300" height="225" srcset="https://jenninger.se/wp-content/uploads/2019/05/IMG_2169-300x225.jpg 300w, https://jenninger.se/wp-content/uploads/2019/05/IMG_2169-768x576.jpg 768w, https://jenninger.se/wp-content/uploads/2019/05/IMG_2169-1024x768.jpg 1024w" sizes="auto, (max-width: 300px) 100vw, 300px" /></p>
<p><img loading="lazy" decoding="async" src="http://www.jenninger.se/wp-content/uploads/2019/05/IMG_2155-300x225.jpg" alt="" class="alignnone size-medium wp-image-800" width="300" height="225" srcset="https://jenninger.se/wp-content/uploads/2019/05/IMG_2155-300x225.jpg 300w, https://jenninger.se/wp-content/uploads/2019/05/IMG_2155-768x576.jpg 768w, https://jenninger.se/wp-content/uploads/2019/05/IMG_2155-1024x768.jpg 1024w" sizes="auto, (max-width: 300px) 100vw, 300px" /><br>
<a href="http://www.jenninger.se/wp-content/uploads/2019/05/IMG_2203.mov">IMG_2203. Den tunga dagen blev en glädjens dag med alla barn och lärare.</a></p>


<p>Sedan dess har rektorerna tillsammans med skolforskare gett ut tre böcker om sitt arbete med Visättraskolan. De kan läsas och köpas var för sig. <a href="https://www.bokus.com/bok/9789147148530/elevhalsa-i-praktiken-paket-bok-1-2-3/">https://www.bokus.com/bok/9789147148530/elevhalsa-i-praktiken-paket-bok-1-2-3/</a></p>



<p>Här en recension av boken: <a href="https://pedagog.vaxjo.se/redaktionella-artiklar/2022-11-21-rika-exempel-pa-elevhalsoarbete?fbclid=IwAR2PQxz7iudtit7-Gw_YtxEMs33pU4rWrz59JcWZbMs95cQRVE8hGBl0Cz0" target="_blank" rel="noreferrer noopener">https://pedagog.vaxjo.se/redaktionella-artiklar/2022-11-21-rika-exempel-pa-elevhalsoarbete?fbclid=IwAR2PQxz7iudtit7-Gw_YtxEMs33pU4rWrz59JcWZbMs95cQRVE8hGBl0Cz0</a></p>

<p>Årets stipendium går till Visättraskolan i Huddinge. Skolan har på bara ett par år med idogt och målinriktat arbete utvecklats till en trygg mönsterskola. Se https://www.huddinge.se/visattraskolan Morgan Alling är med när Maya Runhagen, 2018 års stipendiat, lämnar stipendiet till Aziz och Alek, elevråd vid Visättraskolan. Lotta Halvardsson Ekdahl, Christian Nordenström och Claes talar och skolkören [&hellip;]</p>
