{"id":506,"date":"2013-05-13T13:01:50","date_gmt":"2013-05-13T11:01:50","guid":{"rendered":"http:\/\/www.jenninger.se\/?page_id=506"},"modified":"2013-05-13T13:01:50","modified_gmt":"2013-05-13T11:01:50","slug":"vem-blir-mobbad","status":"publish","type":"page","link":"https:\/\/jenninger.se\/?page_id=506","title":{"rendered":"Vem blir mobbad?"},"content":{"rendered":"<p><strong>&#8221;N\u00e4r en mobbare beh\u00f6ver trycka ner n\u00e5gon f\u00f6r att k\u00e4nna sig \u00f6verl\u00e4gsen sj\u00e4lv (eller f\u00f6r att bekr\u00e4fta sin status) hittar han eller hon l\u00e4tt en urs\u00e4kt f\u00f6r att utse n\u00e5gon till offer. Det kan vara precis vem som helst&#8221;. Detta och f\u00f6ljande lista \u00e4r h\u00e4mtat ur Colorosos &#8221;Mobbningens tre ansikten&#8221;. Se under L\u00e4s mer.<\/strong><\/p>\n<ol>\n<li>Den som \u00e4r nyinflyttad i omr\u00e5det.<\/li>\n<li>Den som \u00e4r yngst i skolan &#8212;.<\/li>\n<li>Den som redan har varit med om n&aring;got traumatiskt &#8211; som redan &auml;r skadad, extremt k&auml;nslig, undviker j&auml;mn&aring;riga f&ouml;r att slippa ytterligare pl&aring;gor och har sv&aring;rt att be om hj&auml;lp. <\/li>\n<li>Den som &auml;r eftergiven &#8211; os&auml;ker, har d&aring;ligt sj&auml;lvf&ouml;rtroende &#8212; <\/li>\n<li>Den som upptr&auml;der p&aring; ett s&auml;tt som andra irriterar sig p&aring;. <\/li>\n<li>Den som vill undvika att sl&aring;ss och f&ouml;redrar att l&ouml;sa konflikter utan v&aring;ld. <\/li>\n<li>Den som &auml;r blyg, reserverad, tyst, f&ouml;rsagd och k&auml;nslig. <\/li>\n<li>Den som kommer fr&aring;n fattiga eller rika f&ouml;rh&aring;llanden. <\/li>\n<li>Den som h&ouml;r till en ras eller kultur som mobbaren betraktar som underl&auml;gsen och f&ouml;raktlig. <\/li>\n<li>Den vars k&ouml;n eller sexuella l&auml;ggning mobbaren betraktar som underl&auml;gsen och f&ouml;raktlig. <\/li>\n<li>Den som h&ouml;r till en religion som mobbaren betraktar som underl&auml;gsen och f&ouml;raktlig. <\/li>\n<li>Den som &auml;r intelligent, beg&aring;vad eller talangfull eller p&aring; annat s&auml;tt &quot;sticker ut&quot;. <\/li>\n<li>Den som &auml;r sj&auml;lvst&auml;ndig och obekymrad om social status, som inte inr&auml;ttar sig efter normen. <\/li>\n<li>Den som g&auml;rna uttrycker k&auml;nslor. <\/li>\n<li>Den som &auml;r tjock eller smal, kort eller l&aring;ng. <\/li>\n<li>Den som har tandst&auml;llning eller glas&ouml;gon. <\/li>\n<li>Den som har mycket finnar eller andra hudproblem. <\/li>\n<li>Den som har ytliga fysiska drag som skiljer sig fr&aring;n majoritetens. <\/li>\n<li>Den som har fysiska eller mentala funktionshinder. &#8212; <\/li>\n<li>Den som r&aring;kar befinna sig p&aring; fel plats vid fel tillf&auml;lle &#8211; och blir angripen d&auml;rf&ouml;r att mobbaren beh&ouml;ver ett offer d&auml;r och d&aring;. <\/li>\n<\/ol>\n","protected":false},"excerpt":{"rendered":"<p>&#8221;N\u00e4r en mobbare beh\u00f6ver trycka ner n\u00e5gon f\u00f6r att k\u00e4nna sig \u00f6verl\u00e4gsen sj\u00e4lv (eller f\u00f6r att bekr\u00e4fta sin status) hittar han eller hon l\u00e4tt en urs\u00e4kt f\u00f6r att utse n\u00e5gon till offer. Det kan vara precis vem som helst&#8221;. Detta och f\u00f6ljande lista \u00e4r h\u00e4mtat ur Colorosos &#8221;Mobbningens tre ansikten&#8221;. Se under L\u00e4s mer. Den [&hellip;]<\/p>\n","protected":false},"author":1,"featured_media":0,"parent":469,"menu_order":0,"comment_status":"open","ping_status":"open","template":"onecolumn-page.php","meta":{"_themeisle_gutenberg_block_has_review":false,"footnotes":""},"class_list":["post-506","page","type-page","status-publish","hentry"],"_links":{"self":[{"href":"https:\/\/jenninger.se\/index.php?rest_route=\/wp\/v2\/pages\/506","targetHints":{"allow":["GET"]}}],"collection":[{"href":"https:\/\/jenninger.se\/index.php?rest_route=\/wp\/v2\/pages"}],"about":[{"href":"https:\/\/jenninger.se\/index.php?rest_route=\/wp\/v2\/types\/page"}],"author":[{"embeddable":true,"href":"https:\/\/jenninger.se\/index.php?rest_route=\/wp\/v2\/users\/1"}],"replies":[{"embeddable":true,"href":"https:\/\/jenninger.se\/index.php?rest_route=%2Fwp%2Fv2%2Fcomments&post=506"}],"version-history":[{"count":1,"href":"https:\/\/jenninger.se\/index.php?rest_route=\/wp\/v2\/pages\/506\/revisions"}],"predecessor-version":[{"id":507,"href":"https:\/\/jenninger.se\/index.php?rest_route=\/wp\/v2\/pages\/506\/revisions\/507"}],"up":[{"embeddable":true,"href":"https:\/\/jenninger.se\/index.php?rest_route=\/wp\/v2\/pages\/469"}],"wp:attachment":[{"href":"https:\/\/jenninger.se\/index.php?rest_route=%2Fwp%2Fv2%2Fmedia&parent=506"}],"curies":[{"name":"wp","href":"https:\/\/api.w.org\/{rel}","templated":true}]}}