{"id":304,"date":"2013-05-13T08:21:31","date_gmt":"2013-05-13T06:21:31","guid":{"rendered":"http:\/\/www.jenninger.se\/?page_id=304"},"modified":"2013-05-13T08:21:31","modified_gmt":"2013-05-13T06:21:31","slug":"hjalp","status":"publish","type":"page","link":"https:\/\/jenninger.se\/?page_id=304","title":{"rendered":"Hj\u00e4lp?"},"content":{"rendered":"<p>P\u00e5 b\u00e5da skolorna visste man vad som h\u00e4nde. Man noterade kr\u00e4nkningar, mobbning och misshandel, utan att underr\u00e4tta f\u00f6r\u00e4ldrarna.  Man stoppade aldrig mobbningen av M\u00e5ns. Tyckte \u00e4nd\u00e5 aldrig, p\u00e5 sex \u00e5r, att det beh\u00f6vdes n\u00e5gon elevv\u00e5rdskonferens om M\u00e5ns. Hemma slutade han tidigt  ber\u00e4tta om sin f\u00f6rnedring.<\/p>\n<p>Det fanns klasskamrater som f\u00f6rs\u00f6kte st\u00f6tta M\u00e5ns. Som f\u00f6rs\u00f6kte hj\u00e4lpa. Som sa ifr\u00e5n. Som bad honom komma tillbaka n\u00e4r han skolstrejkade i 6:an. Som v\u00e4djade till honom att strunta i mobben.<\/p>\n<p>Sista \u00e5ret, i 7:an, fick han hj\u00e4lp. Ocks\u00e5 d\u00e5 av sina nya klasskamrater. De skyddade honom mot mobben. F\u00f6rs\u00f6kte f\u00e5 med honom. Han f\u00f6rs\u00f6kte se glad och ober\u00f6rd ut inf\u00f6r alla, men var redan djupt deprimerad. Allt blev bara mer svart, hoppl\u00f6st och ensamt. M\u00e5ns tog sitt liv p\u00e5 kv\u00e4llen den 25 april 2005.<\/p>\n","protected":false},"excerpt":{"rendered":"<p>P\u00e5 b\u00e5da skolorna visste man vad som h\u00e4nde. Man noterade kr\u00e4nkningar, mobbning och misshandel, utan att underr\u00e4tta f\u00f6r\u00e4ldrarna. Man stoppade aldrig mobbningen av M\u00e5ns. Tyckte \u00e4nd\u00e5 aldrig, p\u00e5 sex \u00e5r, att det beh\u00f6vdes n\u00e5gon elevv\u00e5rdskonferens om M\u00e5ns. Hemma slutade han tidigt ber\u00e4tta om sin f\u00f6rnedring. Det fanns klasskamrater som f\u00f6rs\u00f6kte st\u00f6tta M\u00e5ns. Som f\u00f6rs\u00f6kte hj\u00e4lpa. [&hellip;]<\/p>\n","protected":false},"author":1,"featured_media":0,"parent":256,"menu_order":0,"comment_status":"open","ping_status":"open","template":"onecolumn-page.php","meta":{"_themeisle_gutenberg_block_has_review":false,"footnotes":""},"class_list":["post-304","page","type-page","status-publish","hentry"],"_links":{"self":[{"href":"https:\/\/jenninger.se\/index.php?rest_route=\/wp\/v2\/pages\/304","targetHints":{"allow":["GET"]}}],"collection":[{"href":"https:\/\/jenninger.se\/index.php?rest_route=\/wp\/v2\/pages"}],"about":[{"href":"https:\/\/jenninger.se\/index.php?rest_route=\/wp\/v2\/types\/page"}],"author":[{"embeddable":true,"href":"https:\/\/jenninger.se\/index.php?rest_route=\/wp\/v2\/users\/1"}],"replies":[{"embeddable":true,"href":"https:\/\/jenninger.se\/index.php?rest_route=%2Fwp%2Fv2%2Fcomments&post=304"}],"version-history":[{"count":1,"href":"https:\/\/jenninger.se\/index.php?rest_route=\/wp\/v2\/pages\/304\/revisions"}],"predecessor-version":[{"id":305,"href":"https:\/\/jenninger.se\/index.php?rest_route=\/wp\/v2\/pages\/304\/revisions\/305"}],"up":[{"embeddable":true,"href":"https:\/\/jenninger.se\/index.php?rest_route=\/wp\/v2\/pages\/256"}],"wp:attachment":[{"href":"https:\/\/jenninger.se\/index.php?rest_route=%2Fwp%2Fv2%2Fmedia&parent=304"}],"curies":[{"name":"wp","href":"https:\/\/api.w.org\/{rel}","templated":true}]}}