{"id":212,"date":"2013-05-10T10:53:39","date_gmt":"2013-05-10T08:53:39","guid":{"rendered":"http:\/\/www.jenninger.se\/?page_id=212"},"modified":"2013-05-10T10:53:39","modified_gmt":"2013-05-10T08:53:39","slug":"att-lasa-om-mobbing","status":"publish","type":"page","link":"https:\/\/jenninger.se\/?page_id=212","title":{"rendered":"Att l\u00e4sa om mobbing"},"content":{"rendered":"<p><strong>Det finns mycket att l\u00e4sa om kr\u00e4nkande behandling och mobbning. H\u00e4r finns en lista p\u00e5 litteratur som ger kunskap. Listan kompletteras vartefter. Anv\u00e4nd g\u00e4rna g\u00e4stboken f\u00f6r tips om bra (eller mindre bra!) litteratur.<\/strong><\/p>\n<p><strong>Mobbningens tre ansikten<\/strong>         Barbara Coloroso                             Richters f\u00f6rlag 2003<br \/>\nEn kuslig och oers\u00e4ttlig bok f\u00f6r f\u00f6r\u00e4ldrar, pedagoger, ja alla vuxna. Beskriver mobbningsfall och mekanismerna bakom mobbaren, den utsatte, och de vuxna kring barnen.<\/p>\n<p><strong>Vad fungerar?<\/strong> Skolverkets sammanst\u00e4llning av utredningen av metoder mot mobbning 2009-2011. <a href=\"http:\/\/www.skolverket.se\/skolutveckling\/forskning\" target=\"_blank\">www.skolverket.se\/forskning<\/a><\/p>\n<p><strong>Inneslutning och uteslutning-barns relationsarbete i skolan<\/strong>         Marie Wrethander Bliding, Studentlitteratur 2007<\/p>\n<p><strong>P\u00e5 tal om mobbning &#8211; och det som g\u00f6rs<\/strong>  Skolverket 2009<\/p>\n<p><strong>Mobbad? Det har jag inte m\u00e4rkt!<\/strong>     Eva Larsson                       Liber 2000<\/p>\n<p><strong>Mobbning bland barn &#038;ungdomar<\/strong>  Dan Olweus             R\u00e4dda Barnen. 1999<br \/>\nProfessor i psykologi som \u00e4gnat mer \u00e4n 20 \u00e5rs forskning \u00e5t mobbning. Boken ger med f\u00e5 ord mycket svar p\u00e5 fr\u00e5gor om vilka barn som uts\u00e4tts, vilka mobbar och var och f\u00f6r vilka som riskerna \u00e4r st\u00f6rst.<\/p>\n<p><strong>Skolan &#8211; en arena f\u00f6r mobbning<\/strong>     Eriksson, Lindberg, Flygare, Daneback Skolverker 2002, Fritzes f\u00f6rlag.<\/p>\n<p><strong>Mobbning &#8211; en fr\u00e5ga om makt?<\/strong> Gunilla O Bj\u00f6rk. Studentlitteratur 1999<\/p>\n<p><strong>Utst\u00f6tt &#8211; en bok om mobbning<\/strong>, Christina Thors (red) Pedagogiska magasinets skriftserie nr 6, L\u00e4rarf\u00f6rbundets f\u00f6rlag 2007<\/p>\n<p><strong>Tillsammans \u2013 om hur vi f\u00f6rebygger mobbning<\/strong> R\u00e4dda Barnen, BRIS, Friends m fl 2003  Ett magasin som v\u00e4nder sig b\u00e5de till f\u00f6r\u00e4ldrar och alla som arbetar i skolan. Kan best\u00e4llas som klassupps\u00e4ttning fr\u00e5n R\u00e4dda Barnen.<\/p>\n<p><strong>Pedagogiska magasinet nr 3, 2004<\/strong>.   Tema: <em>Utst\u00f6tt<\/em>.<br \/>\nL\u00e4rarf\u00f6rbundets tidskrift f\u00f6r utbildning, forskning och debatt:   Best\u00e4ll som l\u00f6snummer genom LF.<\/p>\n<p><strong>N\u00e5gon till hands n\u00e4r ingen annan lyssnar<\/strong>                          R\u00e4dda Barnen i Lerum 2004<br \/>\nUtv\u00e4rdering av projektet Lokalt Barnombud i Lerum 2002-2003<\/p>\n<p><strong>R\u00e4dda klassen fr\u00e5n ensamma vargar<\/strong>   Johanna Nilsson  R\u00e4dda barnen.<br \/>\nOm mobbning<\/p>\n<p><strong>Mobbning kan stoppas <\/strong>                   Helle H\u00f6ijby                       Utbildningsradions f\u00f6rlag<\/p>\n<p><strong>De ovanliga, m\u00e4nniskor som g\u00e5r mot str\u00f6mmen<\/strong> \u00c5ke Mokvist,  Byggf\u00f6rlaget Kultur 2002<\/p>\n<p><strong>F\u00f6rl\u00e5t Elina<\/strong>                                Sofia Nordin,                           Eriksson &#038; Lindgren<br \/>\nSofia Nordin har skrivit en stark bok om mobbning, om komplicerade hackordningar, om v\u00e4nskap och svek, bland en grupp barn p\u00e5 gr\u00e4nsen till ton\u00e5ren.   Boken riktar sig till 12-16-\u00e5ringar men \u00e4r s\u00e5klart oerh\u00f6rt viktig \u00e4ven f\u00f6r vuxna att l\u00e4sa.<\/p>\n","protected":false},"excerpt":{"rendered":"<p>Det finns mycket att l\u00e4sa om kr\u00e4nkande behandling och mobbning. H\u00e4r finns en lista p\u00e5 litteratur som ger kunskap. Listan kompletteras vartefter. Anv\u00e4nd g\u00e4rna g\u00e4stboken f\u00f6r tips om bra (eller mindre bra!) litteratur. Mobbningens tre ansikten Barbara Coloroso Richters f\u00f6rlag 2003 En kuslig och oers\u00e4ttlig bok f\u00f6r f\u00f6r\u00e4ldrar, pedagoger, ja alla vuxna. Beskriver mobbningsfall och [&hellip;]<\/p>\n","protected":false},"author":1,"featured_media":0,"parent":209,"menu_order":0,"comment_status":"open","ping_status":"open","template":"home.php","meta":{"_themeisle_gutenberg_block_has_review":false,"footnotes":""},"class_list":["post-212","page","type-page","status-publish","hentry"],"_links":{"self":[{"href":"https:\/\/jenninger.se\/index.php?rest_route=\/wp\/v2\/pages\/212","targetHints":{"allow":["GET"]}}],"collection":[{"href":"https:\/\/jenninger.se\/index.php?rest_route=\/wp\/v2\/pages"}],"about":[{"href":"https:\/\/jenninger.se\/index.php?rest_route=\/wp\/v2\/types\/page"}],"author":[{"embeddable":true,"href":"https:\/\/jenninger.se\/index.php?rest_route=\/wp\/v2\/users\/1"}],"replies":[{"embeddable":true,"href":"https:\/\/jenninger.se\/index.php?rest_route=%2Fwp%2Fv2%2Fcomments&post=212"}],"version-history":[{"count":1,"href":"https:\/\/jenninger.se\/index.php?rest_route=\/wp\/v2\/pages\/212\/revisions"}],"predecessor-version":[{"id":213,"href":"https:\/\/jenninger.se\/index.php?rest_route=\/wp\/v2\/pages\/212\/revisions\/213"}],"up":[{"embeddable":true,"href":"https:\/\/jenninger.se\/index.php?rest_route=\/wp\/v2\/pages\/209"}],"wp:attachment":[{"href":"https:\/\/jenninger.se\/index.php?rest_route=%2Fwp%2Fv2%2Fmedia&parent=212"}],"curies":[{"name":"wp","href":"https:\/\/api.w.org\/{rel}","templated":true}]}}