{"id":1902,"date":"2023-05-12T15:08:25","date_gmt":"2023-05-12T13:08:25","guid":{"rendered":"https:\/\/jenninger.se\/?page_id=1902"},"modified":"2023-05-14T09:58:11","modified_gmt":"2023-05-14T07:58:11","slug":"minnesfonden-2023","status":"publish","type":"page","link":"https:\/\/jenninger.se\/?page_id=1902","title":{"rendered":"Minnesfonden 2023"},"content":{"rendered":"\n<div id=\"wp-block-themeisle-blocks-advanced-columns-ec527147\" class=\"wp-block-themeisle-blocks-advanced-columns has-1-columns has-desktop-equal-layout has-tablet-equal-layout has-mobile-equal-layout has-vertical-unset\"><div class=\"wp-block-themeisle-blocks-advanced-columns-overlay\"><\/div><div class=\"innerblocks-wrap\">\n<div id=\"wp-block-themeisle-blocks-advanced-column-024d6a12\" class=\"wp-block-themeisle-blocks-advanced-column\">\n<p>Minnesfonden tilldelas i \u00e5r Communityskolan Tynnered &#8221;som i handling har visat att alla i skolan har r\u00e4tt till trygghet och gemenskap&#8221;. En ny form av huvudman, G\u00f6teborgs R\u00e4ddningsmission, tar ett ansvar f\u00f6r inte bara skolan, utan ocks\u00e5 f\u00f6r omr\u00e5det, d\u00e4rav namnet. Skolan \u00e4r \u00f6ppen ocks\u00e5 f\u00f6r andra aktiviteter som f\u00f6r studief\u00f6rbund, instrumentalmusik, samarbeten med t ex Chalmers och scouter. Genom huvudmannaskapet \u00e4r det l\u00e4ttare att koppla olika behov och aktiviteter n\u00e4rmare varandra. <a href=\"https:\/\/communityskolan.se\" target=\"_blank\" rel=\"noreferrer noopener\">https:\/\/communityskolan.se<\/a>\/<\/p>\n\n\n\n<p><\/p>\n\n\n\n<p>Vid en ceremoni p\u00e5 skolan \u00f6verl\u00e4mnade stiftelsen genom <em>Sirkka Persson<\/em> och <em>Claes Jenninger<\/em> diplom och en summa pengar till skolans rektor <em>Ingrid Lindblad<\/em> och kurator och communityansvariga <em>Linda Martinsson<\/em>. <em>Elin Ek<\/em>, stiftelsens ambassad\u00f6r h\u00f6ll p\u00e5 l\u00e4nk ett varmt och inspirerande tal om att hon f\u00f6ljt minnesfonden sedan 2006 och hur viktigt det \u00e4r att vi vuxna f\u00f6rst\u00e5r att l\u00e5ta barnen odla sin kreativitet och nyfikenhet.<\/p>\n<\/div>\n<\/div><\/div>\n\n\n\n<p>Dagen efter tilldelades Linnea Lindquist stiftelsens utm\u00e4rkelse \u00c5rets eldsj\u00e4l. Linnea, k\u00e4nd som &#8221;rektor Linnea&#8221; har i m\u00e5nga \u00e5r unders\u00f6kt varf\u00f6r skolan tycks fungera allt s\u00e4mre i Sverige. Hon har l\u00e4st m\u00e5nga hundra skolbudgetar i b\u00e5de kommuner och frist\u00e5ende skolor och funnit m\u00e5nga anm\u00e4rkningsv\u00e4rda strukturfel. Dessutom har hon fungerat som rektor p\u00e5 Hammarkullsskolan i G\u00f6teborg och envist drivit l\u00e4sinl\u00e4rning fr\u00e5n f\u00f6rskoleklass till mellanstadiet. Om det ber\u00e4ttar hon om b\u00e5de organisation och metod i sin nya bok Att v\u00e4nda en skola: en rektors erfarenheter. <a href=\"https:\/\/www.adlibris.com\/se\/bok\/att-vanda-en-skola-en-rektors-erfarenheter-9789177413752?gclid=CjwKCAjwx_eiBhBGEiwA15gLN1JOs_CtD32juF6Nfcz6CD0UTlrg6BoVldfXNEUIDXLuMWqvjRcbBRoCHD0QAvD_BwE\">https:\/\/www.adlibris.com\/se\/bok\/att-vanda-en-skola-en-rektors-erfarenheter-9789177413752?gclid=CjwKCAjwx_eiBhBGEiwA15gLN1JOs_CtD32juF6Nfcz6CD0UTlrg6BoVldfXNEUIDXLuMWqvjRcbBRoCHD0QAvD_BwE<\/a><\/p>\n\n\n\n<figure class=\"wp-block-image size-large is-resized\"><img loading=\"lazy\" decoding=\"async\" src=\"https:\/\/jenninger.se\/wp-content\/uploads\/2023\/05\/community-1024x955.jpeg\" alt=\"\" class=\"wp-image-1903\" width=\"515\" height=\"479\" srcset=\"https:\/\/jenninger.se\/wp-content\/uploads\/2023\/05\/community-1024x955.jpeg 1024w, https:\/\/jenninger.se\/wp-content\/uploads\/2023\/05\/community-300x280.jpeg 300w, https:\/\/jenninger.se\/wp-content\/uploads\/2023\/05\/community-768x716.jpeg 768w, https:\/\/jenninger.se\/wp-content\/uploads\/2023\/05\/community-1536x1432.jpeg 1536w, https:\/\/jenninger.se\/wp-content\/uploads\/2023\/05\/community-2048x1909.jpeg 2048w, https:\/\/jenninger.se\/wp-content\/uploads\/2023\/05\/community-900x839.jpeg 900w, https:\/\/jenninger.se\/wp-content\/uploads\/2023\/05\/community-1280x1193.jpeg 1280w\" sizes=\"auto, (max-width: 515px) 100vw, 515px\" \/><figcaption class=\"wp-element-caption\">Fr v Sirkka Persson, Ingrid Lindblad, Linda Martinsson, Claes Jenninger<\/figcaption><\/figure>\n\n\n\n<figure class=\"wp-block-image size-large is-resized\"><img loading=\"lazy\" decoding=\"async\" src=\"https:\/\/jenninger.se\/wp-content\/uploads\/2023\/05\/Tynnered-25-april-1024x668.jpg\" alt=\"\" class=\"wp-image-1904\" width=\"519\" height=\"338\" srcset=\"https:\/\/jenninger.se\/wp-content\/uploads\/2023\/05\/Tynnered-25-april-1024x668.jpg 1024w, https:\/\/jenninger.se\/wp-content\/uploads\/2023\/05\/Tynnered-25-april-300x196.jpg 300w, https:\/\/jenninger.se\/wp-content\/uploads\/2023\/05\/Tynnered-25-april-768x501.jpg 768w, https:\/\/jenninger.se\/wp-content\/uploads\/2023\/05\/Tynnered-25-april-1536x1003.jpg 1536w, https:\/\/jenninger.se\/wp-content\/uploads\/2023\/05\/Tynnered-25-april-2048x1337.jpg 2048w, https:\/\/jenninger.se\/wp-content\/uploads\/2023\/05\/Tynnered-25-april-900x588.jpg 900w, https:\/\/jenninger.se\/wp-content\/uploads\/2023\/05\/Tynnered-25-april-1280x836.jpg 1280w\" sizes=\"auto, (max-width: 519px) 100vw, 519px\" \/><\/figure>\n\n\n\n<figure class=\"wp-block-image size-large is-resized\"><img loading=\"lazy\" decoding=\"async\" src=\"https:\/\/jenninger.se\/wp-content\/uploads\/2023\/05\/communityorkestern-461x1024.jpg\" alt=\"\" class=\"wp-image-1905\" width=\"443\" height=\"984\" srcset=\"https:\/\/jenninger.se\/wp-content\/uploads\/2023\/05\/communityorkestern-461x1024.jpg 461w, https:\/\/jenninger.se\/wp-content\/uploads\/2023\/05\/communityorkestern-135x300.jpg 135w, https:\/\/jenninger.se\/wp-content\/uploads\/2023\/05\/communityorkestern-768x1707.jpg 768w, https:\/\/jenninger.se\/wp-content\/uploads\/2023\/05\/communityorkestern-691x1536.jpg 691w, https:\/\/jenninger.se\/wp-content\/uploads\/2023\/05\/communityorkestern-922x2048.jpg 922w, https:\/\/jenninger.se\/wp-content\/uploads\/2023\/05\/communityorkestern-900x2000.jpg 900w, https:\/\/jenninger.se\/wp-content\/uploads\/2023\/05\/communityorkestern-1280x2844.jpg 1280w, https:\/\/jenninger.se\/wp-content\/uploads\/2023\/05\/communityorkestern-scaled.jpg 1152w\" sizes=\"auto, (max-width: 443px) 100vw, 443px\" \/><\/figure>\n\n\n\n<figure class=\"wp-block-image size-full is-resized\"><img loading=\"lazy\" decoding=\"async\" src=\"https:\/\/jenninger.se\/wp-content\/uploads\/2023\/05\/Elin-Ek.jpg\" alt=\"\" class=\"wp-image-1920\" width=\"467\" height=\"350\" srcset=\"https:\/\/jenninger.se\/wp-content\/uploads\/2023\/05\/Elin-Ek.jpg 1024w, https:\/\/jenninger.se\/wp-content\/uploads\/2023\/05\/Elin-Ek-300x225.jpg 300w, https:\/\/jenninger.se\/wp-content\/uploads\/2023\/05\/Elin-Ek-768x576.jpg 768w, https:\/\/jenninger.se\/wp-content\/uploads\/2023\/05\/Elin-Ek-900x675.jpg 900w\" sizes=\"auto, (max-width: 467px) 100vw, 467px\" \/><figcaption class=\"wp-element-caption\">Elin Ek, v\u00e5r fantastiska ambassad\u00f6r!<\/figcaption><\/figure>\n\n\n\n<figure class=\"wp-block-image size-large\"><img loading=\"lazy\" decoding=\"async\" width=\"461\" height=\"1024\" src=\"https:\/\/jenninger.se\/wp-content\/uploads\/2023\/05\/Linnea-461x1024.jpg\" alt=\"\" class=\"wp-image-1906\" srcset=\"https:\/\/jenninger.se\/wp-content\/uploads\/2023\/05\/Linnea-461x1024.jpg 461w, https:\/\/jenninger.se\/wp-content\/uploads\/2023\/05\/Linnea-135x300.jpg 135w, https:\/\/jenninger.se\/wp-content\/uploads\/2023\/05\/Linnea-768x1707.jpg 768w, https:\/\/jenninger.se\/wp-content\/uploads\/2023\/05\/Linnea-691x1536.jpg 691w, https:\/\/jenninger.se\/wp-content\/uploads\/2023\/05\/Linnea-922x2048.jpg 922w, https:\/\/jenninger.se\/wp-content\/uploads\/2023\/05\/Linnea-900x2000.jpg 900w, https:\/\/jenninger.se\/wp-content\/uploads\/2023\/05\/Linnea-1280x2844.jpg 1280w, https:\/\/jenninger.se\/wp-content\/uploads\/2023\/05\/Linnea-scaled.jpg 1152w\" sizes=\"auto, (max-width: 461px) 100vw, 461px\" \/><\/figure>\n\n\n\n<figure class=\"wp-block-image size-large is-resized\"><img loading=\"lazy\" decoding=\"async\" src=\"https:\/\/jenninger.se\/wp-content\/uploads\/2023\/05\/Arets-eldsjal-1024x668.jpg\" alt=\"\" class=\"wp-image-1907\" width=\"460\" height=\"299\" srcset=\"https:\/\/jenninger.se\/wp-content\/uploads\/2023\/05\/Arets-eldsjal-1024x668.jpg 1024w, https:\/\/jenninger.se\/wp-content\/uploads\/2023\/05\/Arets-eldsjal-300x196.jpg 300w, https:\/\/jenninger.se\/wp-content\/uploads\/2023\/05\/Arets-eldsjal-768x501.jpg 768w, https:\/\/jenninger.se\/wp-content\/uploads\/2023\/05\/Arets-eldsjal-1536x1003.jpg 1536w, https:\/\/jenninger.se\/wp-content\/uploads\/2023\/05\/Arets-eldsjal-2048x1337.jpg 2048w, https:\/\/jenninger.se\/wp-content\/uploads\/2023\/05\/Arets-eldsjal-1280x836.jpg 1280w\" sizes=\"auto, (max-width: 460px) 100vw, 460px\" \/><\/figure>\n","protected":false},"excerpt":{"rendered":"<p>Dagen efter tilldelades Linnea Lindquist stiftelsens utm\u00e4rkelse \u00c5rets eldsj\u00e4l. Linnea, k\u00e4nd som &#8221;rektor Linnea&#8221; har i m\u00e5nga \u00e5r unders\u00f6kt varf\u00f6r skolan tycks fungera allt s\u00e4mre i Sverige. Hon har l\u00e4st m\u00e5nga hundra skolbudgetar i b\u00e5de kommuner och frist\u00e5ende skolor och funnit m\u00e5nga anm\u00e4rkningsv\u00e4rda strukturfel. Dessutom har hon fungerat som rektor p\u00e5 Hammarkullsskolan i G\u00f6teborg och [&hellip;]<\/p>\n","protected":false},"author":1,"featured_media":0,"parent":0,"menu_order":0,"comment_status":"closed","ping_status":"closed","template":"","meta":{"_themeisle_gutenberg_block_has_review":false,"footnotes":""},"class_list":["post-1902","page","type-page","status-publish","hentry"],"_links":{"self":[{"href":"https:\/\/jenninger.se\/index.php?rest_route=\/wp\/v2\/pages\/1902","targetHints":{"allow":["GET"]}}],"collection":[{"href":"https:\/\/jenninger.se\/index.php?rest_route=\/wp\/v2\/pages"}],"about":[{"href":"https:\/\/jenninger.se\/index.php?rest_route=\/wp\/v2\/types\/page"}],"author":[{"embeddable":true,"href":"https:\/\/jenninger.se\/index.php?rest_route=\/wp\/v2\/users\/1"}],"replies":[{"embeddable":true,"href":"https:\/\/jenninger.se\/index.php?rest_route=%2Fwp%2Fv2%2Fcomments&post=1902"}],"version-history":[{"count":6,"href":"https:\/\/jenninger.se\/index.php?rest_route=\/wp\/v2\/pages\/1902\/revisions"}],"predecessor-version":[{"id":1930,"href":"https:\/\/jenninger.se\/index.php?rest_route=\/wp\/v2\/pages\/1902\/revisions\/1930"}],"wp:attachment":[{"href":"https:\/\/jenninger.se\/index.php?rest_route=%2Fwp%2Fv2%2Fmedia&parent=1902"}],"curies":[{"name":"wp","href":"https:\/\/api.w.org\/{rel}","templated":true}]}}

<div id="wp-block-themeisle-blocks-advanced-columns-ec527147" class="wp-block-themeisle-blocks-advanced-columns has-1-columns has-desktop-equal-layout has-tablet-equal-layout has-mobile-equal-layout has-vertical-unset"><div class="wp-block-themeisle-blocks-advanced-columns-overlay"></div><div class="innerblocks-wrap">
<div id="wp-block-themeisle-blocks-advanced-column-024d6a12" class="wp-block-themeisle-blocks-advanced-column">
<p>Minnesfonden tilldelas i år Communityskolan Tynnered &#8221;som i handling har visat att alla i skolan har rätt till trygghet och gemenskap&#8221;. En ny form av huvudman, Göteborgs Räddningsmission, tar ett ansvar för inte bara skolan, utan också för området, därav namnet. Skolan är öppen också för andra aktiviteter som för studieförbund, instrumentalmusik, samarbeten med t ex Chalmers och scouter. Genom huvudmannaskapet är det lättare att koppla olika behov och aktiviteter närmare varandra. <a href="https://communityskolan.se" target="_blank" rel="noreferrer noopener">https://communityskolan.se</a>/</p>



<p></p>



<p>Vid en ceremoni på skolan överlämnade stiftelsen genom <em>Sirkka Persson</em> och <em>Claes Jenninger</em> diplom och en summa pengar till skolans rektor <em>Ingrid Lindblad</em> och kurator och communityansvariga <em>Linda Martinsson</em>. <em>Elin Ek</em>, stiftelsens ambassadör höll på länk ett varmt och inspirerande tal om att hon följt minnesfonden sedan 2006 och hur viktigt det är att vi vuxna förstår att låta barnen odla sin kreativitet och nyfikenhet.</p>
</div>
</div></div>



<p>Dagen efter tilldelades Linnea Lindquist stiftelsens utmärkelse Årets eldsjäl. Linnea, känd som &#8221;rektor Linnea&#8221; har i många år undersökt varför skolan tycks fungera allt sämre i Sverige. Hon har läst många hundra skolbudgetar i både kommuner och fristående skolor och funnit många anmärkningsvärda strukturfel. Dessutom har hon fungerat som rektor på Hammarkullsskolan i Göteborg och envist drivit läsinlärning från förskoleklass till mellanstadiet. Om det berättar hon om både organisation och metod i sin nya bok Att vända en skola: en rektors erfarenheter. <a href="https://www.adlibris.com/se/bok/att-vanda-en-skola-en-rektors-erfarenheter-9789177413752?gclid=CjwKCAjwx_eiBhBGEiwA15gLN1JOs_CtD32juF6Nfcz6CD0UTlrg6BoVldfXNEUIDXLuMWqvjRcbBRoCHD0QAvD_BwE">https://www.adlibris.com/se/bok/att-vanda-en-skola-en-rektors-erfarenheter-9789177413752?gclid=CjwKCAjwx_eiBhBGEiwA15gLN1JOs_CtD32juF6Nfcz6CD0UTlrg6BoVldfXNEUIDXLuMWqvjRcbBRoCHD0QAvD_BwE</a></p>



<figure class="wp-block-image size-large is-resized"><img loading="lazy" decoding="async" src="https://jenninger.se/wp-content/uploads/2023/05/community-1024x955.jpeg" alt="" class="wp-image-1903" width="515" height="479" srcset="https://jenninger.se/wp-content/uploads/2023/05/community-1024x955.jpeg 1024w, https://jenninger.se/wp-content/uploads/2023/05/community-300x280.jpeg 300w, https://jenninger.se/wp-content/uploads/2023/05/community-768x716.jpeg 768w, https://jenninger.se/wp-content/uploads/2023/05/community-1536x1432.jpeg 1536w, https://jenninger.se/wp-content/uploads/2023/05/community-2048x1909.jpeg 2048w, https://jenninger.se/wp-content/uploads/2023/05/community-900x839.jpeg 900w, https://jenninger.se/wp-content/uploads/2023/05/community-1280x1193.jpeg 1280w" sizes="auto, (max-width: 515px) 100vw, 515px" /><figcaption class="wp-element-caption">Fr v Sirkka Persson, Ingrid Lindblad, Linda Martinsson, Claes Jenninger</figcaption></figure>



<figure class="wp-block-image size-large is-resized"><img loading="lazy" decoding="async" src="https://jenninger.se/wp-content/uploads/2023/05/Tynnered-25-april-1024x668.jpg" alt="" class="wp-image-1904" width="519" height="338" srcset="https://jenninger.se/wp-content/uploads/2023/05/Tynnered-25-april-1024x668.jpg 1024w, https://jenninger.se/wp-content/uploads/2023/05/Tynnered-25-april-300x196.jpg 300w, https://jenninger.se/wp-content/uploads/2023/05/Tynnered-25-april-768x501.jpg 768w, https://jenninger.se/wp-content/uploads/2023/05/Tynnered-25-april-1536x1003.jpg 1536w, https://jenninger.se/wp-content/uploads/2023/05/Tynnered-25-april-2048x1337.jpg 2048w, https://jenninger.se/wp-content/uploads/2023/05/Tynnered-25-april-900x588.jpg 900w, https://jenninger.se/wp-content/uploads/2023/05/Tynnered-25-april-1280x836.jpg 1280w" sizes="auto, (max-width: 519px) 100vw, 519px" /></figure>



<figure class="wp-block-image size-large is-resized"><img loading="lazy" decoding="async" src="https://jenninger.se/wp-content/uploads/2023/05/communityorkestern-461x1024.jpg" alt="" class="wp-image-1905" width="443" height="984" srcset="https://jenninger.se/wp-content/uploads/2023/05/communityorkestern-461x1024.jpg 461w, https://jenninger.se/wp-content/uploads/2023/05/communityorkestern-135x300.jpg 135w, https://jenninger.se/wp-content/uploads/2023/05/communityorkestern-768x1707.jpg 768w, https://jenninger.se/wp-content/uploads/2023/05/communityorkestern-691x1536.jpg 691w, https://jenninger.se/wp-content/uploads/2023/05/communityorkestern-922x2048.jpg 922w, https://jenninger.se/wp-content/uploads/2023/05/communityorkestern-900x2000.jpg 900w, https://jenninger.se/wp-content/uploads/2023/05/communityorkestern-1280x2844.jpg 1280w, https://jenninger.se/wp-content/uploads/2023/05/communityorkestern-scaled.jpg 1152w" sizes="auto, (max-width: 443px) 100vw, 443px" /></figure>



<figure class="wp-block-image size-full is-resized"><img loading="lazy" decoding="async" src="https://jenninger.se/wp-content/uploads/2023/05/Elin-Ek.jpg" alt="" class="wp-image-1920" width="467" height="350" srcset="https://jenninger.se/wp-content/uploads/2023/05/Elin-Ek.jpg 1024w, https://jenninger.se/wp-content/uploads/2023/05/Elin-Ek-300x225.jpg 300w, https://jenninger.se/wp-content/uploads/2023/05/Elin-Ek-768x576.jpg 768w, https://jenninger.se/wp-content/uploads/2023/05/Elin-Ek-900x675.jpg 900w" sizes="auto, (max-width: 467px) 100vw, 467px" /><figcaption class="wp-element-caption">Elin Ek, vår fantastiska ambassadör!</figcaption></figure>



<figure class="wp-block-image size-large"><img loading="lazy" decoding="async" width="461" height="1024" src="https://jenninger.se/wp-content/uploads/2023/05/Linnea-461x1024.jpg" alt="" class="wp-image-1906" srcset="https://jenninger.se/wp-content/uploads/2023/05/Linnea-461x1024.jpg 461w, https://jenninger.se/wp-content/uploads/2023/05/Linnea-135x300.jpg 135w, https://jenninger.se/wp-content/uploads/2023/05/Linnea-768x1707.jpg 768w, https://jenninger.se/wp-content/uploads/2023/05/Linnea-691x1536.jpg 691w, https://jenninger.se/wp-content/uploads/2023/05/Linnea-922x2048.jpg 922w, https://jenninger.se/wp-content/uploads/2023/05/Linnea-900x2000.jpg 900w, https://jenninger.se/wp-content/uploads/2023/05/Linnea-1280x2844.jpg 1280w, https://jenninger.se/wp-content/uploads/2023/05/Linnea-scaled.jpg 1152w" sizes="auto, (max-width: 461px) 100vw, 461px" /></figure>



<figure class="wp-block-image size-large is-resized"><img loading="lazy" decoding="async" src="https://jenninger.se/wp-content/uploads/2023/05/Arets-eldsjal-1024x668.jpg" alt="" class="wp-image-1907" width="460" height="299" srcset="https://jenninger.se/wp-content/uploads/2023/05/Arets-eldsjal-1024x668.jpg 1024w, https://jenninger.se/wp-content/uploads/2023/05/Arets-eldsjal-300x196.jpg 300w, https://jenninger.se/wp-content/uploads/2023/05/Arets-eldsjal-768x501.jpg 768w, https://jenninger.se/wp-content/uploads/2023/05/Arets-eldsjal-1536x1003.jpg 1536w, https://jenninger.se/wp-content/uploads/2023/05/Arets-eldsjal-2048x1337.jpg 2048w, https://jenninger.se/wp-content/uploads/2023/05/Arets-eldsjal-1280x836.jpg 1280w" sizes="auto, (max-width: 460px) 100vw, 460px" /></figure>

<p>Dagen efter tilldelades Linnea Lindquist stiftelsens utmärkelse Årets eldsjäl. Linnea, känd som &#8221;rektor Linnea&#8221; har i många år undersökt varför skolan tycks fungera allt sämre i Sverige. Hon har läst många hundra skolbudgetar i både kommuner och fristående skolor och funnit många anmärkningsvärda strukturfel. Dessutom har hon fungerat som rektor på Hammarkullsskolan i Göteborg och [&hellip;]</p>
