{"id":166,"date":"2013-05-10T09:51:07","date_gmt":"2013-05-10T07:51:07","guid":{"rendered":"http:\/\/www.jenninger.se\/?page_id=166"},"modified":"2013-05-10T09:53:38","modified_gmt":"2013-05-10T07:53:38","slug":"sagt-om-mans-8","status":"publish","type":"page","link":"https:\/\/jenninger.se\/?page_id=166","title":{"rendered":"Sagt om M\u00e5ns 8"},"content":{"rendered":"<p><strong>En dikt till\u00e4gnad M\u00e5ns av Emil Drugge 3 januari 2007<\/strong><\/p>\n<h2>Om du var en pojke vad skulle du gjort:<\/h2>\n<p> I en pojkes gr\u00e5t, d\u00e4r har du funnits du har burit dej illa \u00e5t.<br \/>\n pojken som dr\u00f6mde en dr\u00f6m, om caf\u00e9et bilen och musiken i sin levnads s\u00f6m<br \/>\n han dr\u00f6mde om jorden och sitt allt, allt han \u00f6nskat var en sagospalt.<br \/>\n men v\u00e4rlden blev svart s\u00e5 fort, allt svart och vitt blev gr\u00e5tt s\u00e5 stort<\/p>\n<p> Barnen s\u00e5 sm\u00e5 dom f\u00f6rstod inte vad dom gett sig p\u00e5<br \/>\n inte visste dom vad lidande var, trots att det var i pojkens hj\u00e4rta dom skar.<br \/>\n att bli retad f\u00f6r sin sort, jag f\u00f6rst\u00e5r \u00e4nd\u00e5 inte varf\u00f6r du ville bort.<br \/>\n du hade din mor och far, f\u00f6r dom var du sann och du var underbar.<\/p>\n<p> hur m\u00e5r dom svagare barnen nu<br \/>\n dom m\u00e5r nog inte bra dom m\u00e5r nog som du<br \/>\n t\u00e4nk att dom inte f\u00f6rstod<br \/>\n inte f\u00f6rens du f\u00f6rsvann och du inte l\u00e4ngre log<br \/>\n men nu \u00e4r du trygg<br \/>\n du beh\u00f6ver inte l\u00e4ngre vara skygg.<\/p>\n<p> hur m\u00e5r dom svagare barnen nu<br \/>\n dom m\u00e5r nog inte bra dom m\u00e5r nog som du<br \/>\n t\u00e4nk att dom inte f\u00f6rstod<br \/>\n inte f\u00f6rens du f\u00f6rsvann och du inte l\u00e4ngre log<br \/>\n men nu \u00e4r du trygg<br \/>\n du beh\u00f6ver inte l\u00e4ngre vara skygg.<\/p>\n<p> g\u00f6m dej inte din \u00e4ngel som f\u00f6rsvann, sakta med dej f\u00f6rsvann v\u00e5ra segel in till land.<br \/>\n vaka \u00f6ver oss g\u00f6r de dina trygg, vi vet att du nu \u00e4r \u00e4ngeln p\u00e5 deras rygg<br \/>\n du vet vad som kr\u00e4vs i ett land, du har sett det mesta du fick k\u00e4nna<br \/>\n sm\u00e4rtans brand<br \/>\n gl\u00f6m inte de som \u00e4lskat solen i dej, jag vet vad sm\u00e4rta \u00e4r s\u00e5 gl\u00f6m dom ej<\/p>\n","protected":false},"excerpt":{"rendered":"<p>En dikt till\u00e4gnad M\u00e5ns av Emil Drugge 3 januari 2007 Om du var en pojke vad skulle du gjort: I en pojkes gr\u00e5t, d\u00e4r har du funnits du har burit dej illa \u00e5t. pojken som dr\u00f6mde en dr\u00f6m, om caf\u00e9et bilen och musiken i sin levnads s\u00f6m han dr\u00f6mde om jorden och sitt allt, allt [&hellip;]<\/p>\n","protected":false},"author":1,"featured_media":0,"parent":10,"menu_order":0,"comment_status":"open","ping_status":"open","template":"onecolumn-page.php","meta":{"_themeisle_gutenberg_block_has_review":false,"footnotes":""},"class_list":["post-166","page","type-page","status-publish","hentry"],"_links":{"self":[{"href":"https:\/\/jenninger.se\/index.php?rest_route=\/wp\/v2\/pages\/166","targetHints":{"allow":["GET"]}}],"collection":[{"href":"https:\/\/jenninger.se\/index.php?rest_route=\/wp\/v2\/pages"}],"about":[{"href":"https:\/\/jenninger.se\/index.php?rest_route=\/wp\/v2\/types\/page"}],"author":[{"embeddable":true,"href":"https:\/\/jenninger.se\/index.php?rest_route=\/wp\/v2\/users\/1"}],"replies":[{"embeddable":true,"href":"https:\/\/jenninger.se\/index.php?rest_route=%2Fwp%2Fv2%2Fcomments&post=166"}],"version-history":[{"count":3,"href":"https:\/\/jenninger.se\/index.php?rest_route=\/wp\/v2\/pages\/166\/revisions"}],"predecessor-version":[{"id":169,"href":"https:\/\/jenninger.se\/index.php?rest_route=\/wp\/v2\/pages\/166\/revisions\/169"}],"up":[{"embeddable":true,"href":"https:\/\/jenninger.se\/index.php?rest_route=\/wp\/v2\/pages\/10"}],"wp:attachment":[{"href":"https:\/\/jenninger.se\/index.php?rest_route=%2Fwp%2Fv2%2Fmedia&parent=166"}],"curies":[{"name":"wp","href":"https:\/\/api.w.org\/{rel}","templated":true}]}}