{"id":162,"date":"2013-05-10T09:47:50","date_gmt":"2013-05-10T07:47:50","guid":{"rendered":"http:\/\/www.jenninger.se\/?page_id=162"},"modified":"2022-12-04T12:58:07","modified_gmt":"2022-12-04T11:58:07","slug":"sagt-av-mans","status":"publish","type":"page","link":"https:\/\/jenninger.se\/?page_id=162","title":{"rendered":"Sagt av M\u00e5ns"},"content":{"rendered":"<p><strong>Ur en dikt av M\u00e5ns sj\u00e4lv:<\/strong><\/p>\n<p><em><br \/>\ntyst och osynlig<br \/>\nKommer jag alltid finnas kvar<br \/>\ni allas hj\u00e4rtan<br \/>\nkommer se allas uppv\u00e4xt<br \/>\nJag \u00e4lskar er alla<br \/>\nmen jag orkar inte mera<br \/>\n<\/em><\/p>\n","protected":false},"excerpt":{"rendered":"<p>Ur en dikt av M\u00e5ns sj\u00e4lv: tyst och osynlig Kommer jag alltid finnas kvar i allas hj\u00e4rtan kommer se allas uppv\u00e4xt Jag \u00e4lskar er alla men jag orkar inte mera<\/p>\n","protected":false},"author":1,"featured_media":0,"parent":10,"menu_order":0,"comment_status":"closed","ping_status":"open","template":"onecolumn-page.php","meta":{"_themeisle_gutenberg_block_has_review":false,"footnotes":""},"class_list":["post-162","page","type-page","status-publish","hentry"],"_links":{"self":[{"href":"https:\/\/jenninger.se\/index.php?rest_route=\/wp\/v2\/pages\/162","targetHints":{"allow":["GET"]}}],"collection":[{"href":"https:\/\/jenninger.se\/index.php?rest_route=\/wp\/v2\/pages"}],"about":[{"href":"https:\/\/jenninger.se\/index.php?rest_route=\/wp\/v2\/types\/page"}],"author":[{"embeddable":true,"href":"https:\/\/jenninger.se\/index.php?rest_route=\/wp\/v2\/users\/1"}],"replies":[{"embeddable":true,"href":"https:\/\/jenninger.se\/index.php?rest_route=%2Fwp%2Fv2%2Fcomments&post=162"}],"version-history":[{"count":2,"href":"https:\/\/jenninger.se\/index.php?rest_route=\/wp\/v2\/pages\/162\/revisions"}],"predecessor-version":[{"id":1727,"href":"https:\/\/jenninger.se\/index.php?rest_route=\/wp\/v2\/pages\/162\/revisions\/1727"}],"up":[{"embeddable":true,"href":"https:\/\/jenninger.se\/index.php?rest_route=\/wp\/v2\/pages\/10"}],"wp:attachment":[{"href":"https:\/\/jenninger.se\/index.php?rest_route=%2Fwp%2Fv2%2Fmedia&parent=162"}],"curies":[{"name":"wp","href":"https:\/\/api.w.org\/{rel}","templated":true}]}}