{"id":1577,"date":"2022-10-24T16:30:08","date_gmt":"2022-10-24T14:30:08","guid":{"rendered":"https:\/\/jenninger.se\/?page_id=1577"},"modified":"2022-12-06T21:36:00","modified_gmt":"2022-12-06T20:36:00","slug":"undersokningen-skolbarns-halsovanor","status":"publish","type":"page","link":"https:\/\/jenninger.se\/?page_id=1577","title":{"rendered":"Unders\u00f6kningen Skolbarns h\u00e4lsovanor"},"content":{"rendered":"\n<p>Vart fj\u00e4rde \u00e5r unders\u00f6ks i 45 l\u00e4nder hur v\u00e5ra ungdomar m\u00e5r. I Sverige av Folkh\u00e4lsomyndigheten. Med andra ord en j\u00e4tteunders\u00f6kning som ger anledning till j\u00e4mf\u00f6relser och reflektion. H\u00e4r \u00e4r 2022 \u00e5rs unders\u00f6kning med kommentarer: <\/p>\n\n\n\n<p><a href=\"https:\/\/www.folkhalsomyndigheten.se\/folkhalsorapportering-statistik\/tolkad-rapportering\/skolbarns-halsovanor\/\">https:\/\/www.folkhalsomyndigheten.se\/folkhalsorapportering-statistik\/tolkad-rapportering\/skolbarns-halsovanor\/<\/a><\/p>\n","protected":false},"excerpt":{"rendered":"<p>Vart fj\u00e4rde \u00e5r unders\u00f6ks i 45 l\u00e4nder hur v\u00e5ra ungdomar m\u00e5r. I Sverige av Folkh\u00e4lsomyndigheten. Med andra ord en j\u00e4tteunders\u00f6kning som ger anledning till j\u00e4mf\u00f6relser och reflektion. H\u00e4r \u00e4r 2022 \u00e5rs unders\u00f6kning med kommentarer: https:\/\/www.folkhalsomyndigheten.se\/folkhalsorapportering-statistik\/tolkad-rapportering\/skolbarns-halsovanor\/<\/p>\n","protected":false},"author":1,"featured_media":0,"parent":0,"menu_order":0,"comment_status":"closed","ping_status":"closed","template":"","meta":{"_themeisle_gutenberg_block_has_review":false,"footnotes":""},"class_list":["post-1577","page","type-page","status-publish","hentry"],"_links":{"self":[{"href":"https:\/\/jenninger.se\/index.php?rest_route=\/wp\/v2\/pages\/1577","targetHints":{"allow":["GET"]}}],"collection":[{"href":"https:\/\/jenninger.se\/index.php?rest_route=\/wp\/v2\/pages"}],"about":[{"href":"https:\/\/jenninger.se\/index.php?rest_route=\/wp\/v2\/types\/page"}],"author":[{"embeddable":true,"href":"https:\/\/jenninger.se\/index.php?rest_route=\/wp\/v2\/users\/1"}],"replies":[{"embeddable":true,"href":"https:\/\/jenninger.se\/index.php?rest_route=%2Fwp%2Fv2%2Fcomments&post=1577"}],"version-history":[{"count":3,"href":"https:\/\/jenninger.se\/index.php?rest_route=\/wp\/v2\/pages\/1577\/revisions"}],"predecessor-version":[{"id":1752,"href":"https:\/\/jenninger.se\/index.php?rest_route=\/wp\/v2\/pages\/1577\/revisions\/1752"}],"wp:attachment":[{"href":"https:\/\/jenninger.se\/index.php?rest_route=%2Fwp%2Fv2%2Fmedia&parent=1577"}],"curies":[{"name":"wp","href":"https:\/\/api.w.org\/{rel}","templated":true}]}}