{"id":10,"date":"2013-05-09T23:33:41","date_gmt":"2013-05-09T21:33:41","guid":{"rendered":"http:\/\/www.jenninger.se\/?page_id=10"},"modified":"2025-05-17T06:29:23","modified_gmt":"2025-05-17T04:29:23","slug":"om-mans","status":"publish","type":"page","link":"https:\/\/jenninger.se\/?page_id=10","title":{"rendered":"Om M\u00e5ns &#8211; vad h\u00e4nde?"},"content":{"rendered":"<p><strong>Hur var M\u00e5ns?<\/strong><\/p>\n<p><img loading=\"lazy\" decoding=\"async\" src=\"http:\/\/www.jenninger.se\/wp-content\/uploads\/2013\/05\/thumb2_20051213150514.jpg\" alt=\"thumb2_20051213150514\" class=\"alignright size-full wp-image-11\" width=\"250\" height=\"250\" srcset=\"https:\/\/jenninger.se\/wp-content\/uploads\/2013\/05\/thumb2_20051213150514.jpg 250w, https:\/\/jenninger.se\/wp-content\/uploads\/2013\/05\/thumb2_20051213150514-150x150.jpg 150w\" sizes=\"auto, (max-width: 250px) 100vw, 250px\" \/> M\u00e5ns ville ha roligt. Han \u00e4lskade liv och r\u00f6relse. Han drog g\u00e4rna ig\u00e5ng saker och var noga med att alla fick vara med. Or\u00e4ttvisor tyckte han mycket illa om. D\u00e5 sa han ifr\u00e5n. B\u00e5de till l\u00e4rare och j\u00e4mn\u00e5riga.<\/p>\n<p>M\u00e5ns pratade g\u00e4rna, mycket och ofta. Ville alltid ber\u00e4tta. Ville locka till skratt. V\u00e4nde ofta p\u00e5 ord och meningar. Sa: \u2013Kat r\u00f6f netam, i st\u00e4llet f\u00f6r -Tack f\u00f6r maten. En del hade sv\u00e5rt f\u00f6r det d\u00e4r.<\/p>\n<p>Funderade ocks\u00e5 mycket. Om historia, om m\u00e4nniskor, om h\u00e4ndelser. Hur var det f\u00f6rr? Varf\u00f6r blev det s\u00e5? N\u00e4r h\u00e4nde det? Var nyfiken p\u00e5 allt och ville veta. &#8221;Lillgammal&#8221; och &#8221;Besserwisser&#8221; kallade l\u00e4rarna honom. Det fick vi veta n\u00e4r han var d\u00f6d.<\/p>\n\n\n<figure class=\"wp-block-embed is-type-video is-provider-vimeo wp-block-embed-vimeo wp-embed-aspect-4-3 wp-has-aspect-ratio\"><div class=\"wp-block-embed__wrapper\">\n<iframe loading=\"lazy\" title=\"Pilot L\u00e5ngfilm - Om vi klarar oss genom natten\" src=\"https:\/\/player.vimeo.com\/video\/43479871?dnt=1&amp;app_id=122963\" width=\"629\" height=\"472\" frameborder=\"0\" allow=\"autoplay; fullscreen; picture-in-picture; clipboard-write\"><\/iframe>\n<\/div><figcaption class=\"wp-element-caption\">2011 gjorde Jonas Embring och G\u00f6tafilm en pilotfilm om vad som h\u00e4nde M\u00e5ns. Planen var en l\u00e5ngfilm och pilotfilmen var ett led i att f\u00f6rs\u00f6ka f\u00e5 den finansierad. Det lyckades inte, men den h\u00e4r filmen i sig f\u00e5ngar M\u00e5ns och mekanismerna bakom att ett barn ger upp m\u00f6jligheterna att forts\u00e4tta ett rikt och kreativt liv.<\/figcaption><\/figure>\n\n\n\n<p>F\u00f6r Friends gjorde jag 2017 speaker till en film om vad som h\u00e4nde M\u00e5ns. De anv\u00e4nde i den en text, skriven med M\u00e5ns handstil rekonstruerad! <a href=\"https:\/\/www.facebook.com\/StiftelsenFriends\/videos\/1510399185661441\" target=\"_blank\" rel=\"noreferrer noopener\">https:\/\/www.facebook.com\/StiftelsenFriends\/videos\/1510399185661441<\/a><\/p>\n","protected":false},"excerpt":{"rendered":"<p>Hur var M\u00e5ns? M\u00e5ns ville ha roligt. Han \u00e4lskade liv och r\u00f6relse. Han drog g\u00e4rna ig\u00e5ng saker och var noga med att alla fick vara med. Or\u00e4ttvisor tyckte han mycket illa om. D\u00e5 sa han ifr\u00e5n. B\u00e5de till l\u00e4rare och j\u00e4mn\u00e5riga. M\u00e5ns pratade g\u00e4rna, mycket och ofta. Ville alltid ber\u00e4tta. Ville locka till skratt. V\u00e4nde [&hellip;]<\/p>\n","protected":false},"author":1,"featured_media":0,"parent":0,"menu_order":0,"comment_status":"closed","ping_status":"open","template":"onecolumn-page.php","meta":{"_themeisle_gutenberg_block_has_review":false,"footnotes":""},"class_list":["post-10","page","type-page","status-publish","hentry"],"_links":{"self":[{"href":"https:\/\/jenninger.se\/index.php?rest_route=\/wp\/v2\/pages\/10","targetHints":{"allow":["GET"]}}],"collection":[{"href":"https:\/\/jenninger.se\/index.php?rest_route=\/wp\/v2\/pages"}],"about":[{"href":"https:\/\/jenninger.se\/index.php?rest_route=\/wp\/v2\/types\/page"}],"author":[{"embeddable":true,"href":"https:\/\/jenninger.se\/index.php?rest_route=\/wp\/v2\/users\/1"}],"replies":[{"embeddable":true,"href":"https:\/\/jenninger.se\/index.php?rest_route=%2Fwp%2Fv2%2Fcomments&post=10"}],"version-history":[{"count":9,"href":"https:\/\/jenninger.se\/index.php?rest_route=\/wp\/v2\/pages\/10\/revisions"}],"predecessor-version":[{"id":2278,"href":"https:\/\/jenninger.se\/index.php?rest_route=\/wp\/v2\/pages\/10\/revisions\/2278"}],"wp:attachment":[{"href":"https:\/\/jenninger.se\/index.php?rest_route=%2Fwp%2Fv2%2Fmedia&parent=10"}],"curies":[{"name":"wp","href":"https:\/\/api.w.org\/{rel}","templated":true}]}}